{"id":100,"date":"2013-12-06T09:12:19","date_gmt":"2013-12-06T08:12:19","guid":{"rendered":"http:\/\/www.eoiestepa.es\/?page_id=100"},"modified":"2026-01-27T21:51:40","modified_gmt":"2026-01-27T19:51:40","slug":"titulos-y-certificados","status":"publish","type":"page","link":"https:\/\/www.eoiestepa.es\/?page_id=100","title":{"rendered":"T\u00edtulos y Certificados"},"content":{"rendered":"<p><span style=\"color: #3366ff;\"><strong>CERTIFICACI\u00d3N ACAD\u00c9MICA<\/strong><\/span><\/p>\n<p>El alumnado oficial y libre podr\u00e1 solicitar en la Secretar\u00eda de la EOI una certificaci\u00f3n acad\u00e9mica de los estudios realizados en cualquier nivel y curso en nuestro centro. Dicha certificaci\u00f3n no tiene ning\u00fan coste, se expide en un breve plazo y tienen validez oficial. Este documento acredita la obtenci\u00f3n de los niveles A2, B1, B2 y C1, as\u00ed como los cursos A1 y B2.1. Se puede solicitar en la secretaria de la E.O.I,\u00a0 \u00a0o v\u00eda telef\u00f3nica llamando en horario de secretaria al 955 26 80 03.<\/p>\n<p><span style=\"color: #3366ff;\"><strong>SOLICITUD DE T\u00cdTULOS<\/strong><\/span><\/p>\n<p>Para solicitar la expedici\u00f3n del t\u00edtulo (debe haber finalizado el curso oficialmente 30 de junio o 10 de septiembre, seg\u00fan convocatoria de obtenci\u00f3n de t\u00edtulo y la fecha del pago debe ser posterior a la fecha de finalizaci\u00f3n del curso) de certificaci\u00f3n de un nivel de idiomas superado, se ha de presentar:<\/p>\n<ol>\n<li>A trav\u00e9s de la <a href=\"https:\/\/www.juntadeandalucia.es\/educacion\/secretariavirtual\/accesoTramite\/302\/\">secretar\u00eda virtual. <\/a>o bien<\/li>\n<li>En Secretar\u00eda de la E.O.I, con el modelo de solicitud relleno y el modelo 046 con las tasas abonadas.\u00a0<\/li>\n<\/ol>\n<p><a href=\"https:\/\/drive.google.com\/file\/d\/1_LOq0o5qRE41Sozb05aqjlrOCqc-r9Ep\/view?usp=sharing\"><span style=\"color: #3366ff;\">AQU\u00cd PODR\u00c1 DESCARGAR EL MODELO DE SOLICITUD DE T\u00cdTULO (necesita descargarse y abrir desde descargas para autorrellenar)<\/span><\/a><\/p>\n<p><a href=\"https:\/\/www.juntadeandalucia.es\/economiayhacienda\/apl\/surweb\/modelos\/modelo046\/046.jsp\">AQU\u00cd PODR\u00c1 RELLANAR MODELO 046<\/a><\/p>\n<p>Los datos para rellenar el modelo 046 son los siguientes:<\/p>\n<p>Consejer\u00eda de : <strong>EDUCACI\u00d3N<\/strong><\/p>\n<p>Delegaci\u00f3n de: <strong>SEVILLA<\/strong><\/p>\n<p>\u00d3rgano Gestor: <strong>EOI Estepa<\/strong><\/p>\n<p>C\u00f3digo Territorial: <b>ED4193 \u2013 E.O.I. (ESTEPA-SEVILLA)<\/b><\/p>\n<p>Concepto:<strong> 0049 \u2013 EXP. T\u00cdTULOS ACAD\u00c9MICOS Y PROF. <\/strong><\/p>\n<p>Fecha de devengo: <b>fecha en la que se paga en el banco o caja<\/b>.<\/p>\n<p>Descripci\u00f3n: <strong>Por expedici\u00f3n del t\u00edtulo de certificado de Nivel XXX de ense\u00f1anza de idiomas \/ Idioma: XXX<\/strong><\/p>\n<p>Total a ingresar: ver <a href=\"https:\/\/drive.google.com\/file\/d\/17TSt0Ah4Vak-gjo2tvjj5Ghl8PBra1i6\/view?usp=sharing\">TASAS<\/a><\/p>\n<p>Estar\u00e1n exentos del pago de las tasas\u00a0<strong>las persona con discapacidad, en un grado igual o superior al 33%.\u00a0<\/strong>BOJA n\u00ba 250, de 30 de diciembre de 2021. Deber\u00e1n acompa\u00f1ar a la solicitud la acreditaci\u00f3n del grado de discapacidad.<\/p>\n<p><span style=\"color: #ff0000;\"><strong>MUY IMPORTANTE:<\/strong><\/span><\/p>\n<p><strong><em>Si vas a realizar el pago telem\u00e1ticamente, puedes beneficiarte de una bonificaci\u00f3n adicional sobre la tasa indicada.:<\/em><\/strong><\/p>\n\n\n<figure class=\"wp-block-image size-full\"><a href=\"https:\/\/www.eoiestepa.es\/wp-content\/uploads\/2022\/03\/bonificacion-046.jpg\"><img loading=\"lazy\" decoding=\"async\" width=\"933\" height=\"371\" src=\"https:\/\/www.eoiestepa.es\/wp-content\/uploads\/2022\/03\/bonificacion-046.jpg\" alt=\"\" class=\"wp-image-3302\" srcset=\"https:\/\/www.eoiestepa.es\/wp-content\/uploads\/2022\/03\/bonificacion-046.jpg 933w, https:\/\/www.eoiestepa.es\/wp-content\/uploads\/2022\/03\/bonificacion-046-300x119.jpg 300w, https:\/\/www.eoiestepa.es\/wp-content\/uploads\/2022\/03\/bonificacion-046-768x305.jpg 768w, https:\/\/www.eoiestepa.es\/wp-content\/uploads\/2022\/03\/bonificacion-046-930x371.jpg 930w\" sizes=\"auto, (max-width: 933px) 100vw, 933px\" \/><\/a><\/figure>\n\n\n\n<p><\/p>\n","protected":false},"excerpt":{"rendered":"<p>CERTIFICACI\u00d3N ACAD\u00c9MICA El alumnado oficial y libre podr\u00e1 solicitar en la Secretar\u00eda de la EOI una certificaci\u00f3n acad\u00e9mica de los estudios realizados en cualquier nivel y curso en nuestro centro. Dicha certificaci\u00f3n no tiene ning\u00fan coste, se expide en un breve plazo y tienen validez oficial. Este documento acredita la obtenci\u00f3n de los niveles A2,&hellip;&nbsp;<a href=\"https:\/\/www.eoiestepa.es\/?page_id=100\" class=\"\" rel=\"bookmark\">Leer m\u00e1s &raquo;<span class=\"screen-reader-text\">T\u00edtulos y Certificados<\/span><\/a><\/p>\n","protected":false},"author":2,"featured_media":0,"parent":0,"menu_order":0,"comment_status":"closed","ping_status":"open","template":"","meta":{"_acf_changed":false,"neve_meta_sidebar":"","neve_meta_container":"","neve_meta_enable_content_width":"","neve_meta_content_width":0,"neve_meta_title_alignment":"","neve_meta_author_avatar":"","neve_post_elements_order":"","neve_meta_disable_header":"","neve_meta_disable_footer":"","neve_meta_disable_title":"","footnotes":""},"class_list":["post-100","page","type-page","status-publish","hentry"],"acf":[],"post_mailing_queue_ids":[],"_links":{"self":[{"href":"https:\/\/www.eoiestepa.es\/index.php?rest_route=\/wp\/v2\/pages\/100","targetHints":{"allow":["GET"]}}],"collection":[{"href":"https:\/\/www.eoiestepa.es\/index.php?rest_route=\/wp\/v2\/pages"}],"about":[{"href":"https:\/\/www.eoiestepa.es\/index.php?rest_route=\/wp\/v2\/types\/page"}],"author":[{"embeddable":true,"href":"https:\/\/www.eoiestepa.es\/index.php?rest_route=\/wp\/v2\/users\/2"}],"replies":[{"embeddable":true,"href":"https:\/\/www.eoiestepa.es\/index.php?rest_route=%2Fwp%2Fv2%2Fcomments&post=100"}],"version-history":[{"count":27,"href":"https:\/\/www.eoiestepa.es\/index.php?rest_route=\/wp\/v2\/pages\/100\/revisions"}],"predecessor-version":[{"id":4456,"href":"https:\/\/www.eoiestepa.es\/index.php?rest_route=\/wp\/v2\/pages\/100\/revisions\/4456"}],"wp:attachment":[{"href":"https:\/\/www.eoiestepa.es\/index.php?rest_route=%2Fwp%2Fv2%2Fmedia&parent=100"}],"curies":[{"name":"wp","href":"https:\/\/api.w.org\/{rel}","templated":true}]}}