{"id":224,"date":"2013-12-10T17:16:55","date_gmt":"2013-12-10T16:16:55","guid":{"rendered":"http:\/\/www.eoiestepa.es\/?page_id=224"},"modified":"2025-09-24T11:05:36","modified_gmt":"2025-09-24T09:05:36","slug":"profesorado","status":"publish","type":"page","link":"https:\/\/www.eoiestepa.es\/?page_id=224","title":{"rendered":"Profesorado"},"content":{"rendered":"<p>Los miembros del Departamento de<strong> franc\u00e9s<\/strong> de la EOI de Estepa son:<\/p>\n<ul>\n<li>Calzado L\u00f3pez, Carmen, Jefa de Departamento Franc\u00e9s.<\/li>\n<\/ul>\n<p><span style=\"color: var(--nv-text-color); font-family: var(--bodyfontfamily); font-size: var(--bodyfontsize); font-weight: var(--bodyfontweight); letter-spacing: var(--bodyletterspacing); text-transform: var(--bodytexttransform); background-color: var(--nv-site-bg);\">Los miembros del Departamento de <\/span><strong style=\"color: var(--nv-text-color); font-family: var(--bodyfontfamily); font-size: var(--bodyfontsize); letter-spacing: var(--bodyletterspacing); text-transform: var(--bodytexttransform); background-color: var(--nv-site-bg);\">ingl\u00e9s<\/strong><span style=\"color: var(--nv-text-color); font-family: var(--bodyfontfamily); font-size: var(--bodyfontsize); font-weight: var(--bodyfontweight); letter-spacing: var(--bodyletterspacing); text-transform: var(--bodytexttransform); background-color: var(--nv-site-bg);\"> de la EOI de Estepa son:<\/span><\/p>\n<ul>\n<li>Pilar Pend\u00f3n Ca\u00f1edo, Jefa de Departamento.<\/li>\n<li>Pilar Anfr\u00fans Guill\u00e9n<\/li>\n<li>Jes\u00fas Col\u00f3n D\u00edaz<\/li>\n<li>Emilio Pascual Pascual<\/li>\n<li>Isabel P\u00e9rez Gonz\u00e1lez<\/li>\n<\/ul>\n<ul>\n<li style=\"list-style-type: none;\">\n<ul>\n<li style=\"list-style-type: none;\">\u00a0<\/li>\n<\/ul>\n<\/li>\n<\/ul>\n<ul>\n<li style=\"list-style-type: none;\">\u00a0<\/li>\n<\/ul>\n\n\n<div style=\"height:60px\" aria-hidden=\"true\" class=\"wp-block-spacer\"><\/div>\n","protected":false},"excerpt":{"rendered":"<p>Los miembros del Departamento de franc\u00e9s de la EOI de Estepa son: Calzado L\u00f3pez, Carmen, Jefa de Departamento Franc\u00e9s. Los miembros del Departamento de ingl\u00e9s de la EOI de Estepa son: Pilar Pend\u00f3n Ca\u00f1edo, Jefa de Departamento. Pilar Anfr\u00fans Guill\u00e9n Jes\u00fas Col\u00f3n D\u00edaz Emilio Pascual Pascual Isabel P\u00e9rez Gonz\u00e1lez \u00a0 \u00a0<\/p>\n","protected":false},"author":3,"featured_media":0,"parent":0,"menu_order":0,"comment_status":"closed","ping_status":"open","template":"","meta":{"_acf_changed":false,"neve_meta_sidebar":"","neve_meta_container":"","neve_meta_enable_content_width":"","neve_meta_content_width":0,"neve_meta_title_alignment":"","neve_meta_author_avatar":"","neve_post_elements_order":"","neve_meta_disable_header":"","neve_meta_disable_footer":"","neve_meta_disable_title":"","footnotes":""},"class_list":["post-224","page","type-page","status-publish","hentry"],"acf":[],"post_mailing_queue_ids":[],"_links":{"self":[{"href":"https:\/\/www.eoiestepa.es\/index.php?rest_route=\/wp\/v2\/pages\/224","targetHints":{"allow":["GET"]}}],"collection":[{"href":"https:\/\/www.eoiestepa.es\/index.php?rest_route=\/wp\/v2\/pages"}],"about":[{"href":"https:\/\/www.eoiestepa.es\/index.php?rest_route=\/wp\/v2\/types\/page"}],"author":[{"embeddable":true,"href":"https:\/\/www.eoiestepa.es\/index.php?rest_route=\/wp\/v2\/users\/3"}],"replies":[{"embeddable":true,"href":"https:\/\/www.eoiestepa.es\/index.php?rest_route=%2Fwp%2Fv2%2Fcomments&post=224"}],"version-history":[{"count":19,"href":"https:\/\/www.eoiestepa.es\/index.php?rest_route=\/wp\/v2\/pages\/224\/revisions"}],"predecessor-version":[{"id":4373,"href":"https:\/\/www.eoiestepa.es\/index.php?rest_route=\/wp\/v2\/pages\/224\/revisions\/4373"}],"wp:attachment":[{"href":"https:\/\/www.eoiestepa.es\/index.php?rest_route=%2Fwp%2Fv2%2Fmedia&parent=224"}],"curies":[{"name":"wp","href":"https:\/\/api.w.org\/{rel}","templated":true}]}}

<p>Los miembros del Departamento de<strong> francés</strong> de la EOI de Estepa son:</p>
<ul>
<li>Calzado López, Carmen, Jefa de Departamento Francés.</li>
</ul>
<p><span style="color: var(--nv-text-color); font-family: var(--bodyfontfamily); font-size: var(--bodyfontsize); font-weight: var(--bodyfontweight); letter-spacing: var(--bodyletterspacing); text-transform: var(--bodytexttransform); background-color: var(--nv-site-bg);">Los miembros del Departamento de </span><strong style="color: var(--nv-text-color); font-family: var(--bodyfontfamily); font-size: var(--bodyfontsize); letter-spacing: var(--bodyletterspacing); text-transform: var(--bodytexttransform); background-color: var(--nv-site-bg);">inglés</strong><span style="color: var(--nv-text-color); font-family: var(--bodyfontfamily); font-size: var(--bodyfontsize); font-weight: var(--bodyfontweight); letter-spacing: var(--bodyletterspacing); text-transform: var(--bodytexttransform); background-color: var(--nv-site-bg);"> de la EOI de Estepa son:</span></p>
<ul>
<li>Pilar Pendón Cañedo, Jefa de Departamento.</li>
<li>Pilar Anfrúns Guillén</li>
<li>Jesús Colón Díaz</li>
<li>Emilio Pascual Pascual</li>
<li>Isabel Pérez González</li>
</ul>
<ul>
<li style="list-style-type: none;">
<ul>
<li style="list-style-type: none;"> </li>
</ul>
</li>
</ul>
<ul>
<li style="list-style-type: none;"> </li>
</ul>


<div style="height:60px" aria-hidden="true" class="wp-block-spacer"></div>

<p>Los miembros del Departamento de francés de la EOI de Estepa son: Calzado López, Carmen, Jefa de Departamento Francés. Los miembros del Departamento de inglés de la EOI de Estepa son: Pilar Pendón Cañedo, Jefa de Departamento. Pilar Anfrúns Guillén Jesús Colón Díaz Emilio Pascual Pascual Isabel Pérez González    </p>
