{"id":299,"date":"2013-12-12T17:59:42","date_gmt":"2013-12-12T16:59:42","guid":{"rendered":"http:\/\/www.eoiestepa.es\/?page_id=299"},"modified":"2021-03-29T12:44:15","modified_gmt":"2021-03-29T11:44:15","slug":"objetivos-dace","status":"publish","type":"page","link":"https:\/\/www.eoiestepa.es\/?page_id=299","title":{"rendered":"Objetivos DACE"},"content":{"rendered":"<p style=\"text-align: justify;\">El Departamento de Actividades Complementarias y Extraescolares (DACE), en colaboraci\u00f3n con los Departamentos Did\u00e1cticos del centro, <strong>tiene como objetivo ofrecer al alumnado de la Escuela todo tipo de actividades relacionadas con los idiomas Ingl\u00e9s y Franc\u00e9s que ayuden a obtener un enriquecimiento cultural y de formaci\u00f3n integral de estos<\/strong>. Los objetivos generales de este departamento ser\u00e1n:<\/p>\n<p style=\"text-align: justify;\">1. <strong>Contribuir a la formaci\u00f3n integral del individuo<\/strong>, propiciando un aprendizaje global, p\u00fablico y de calidad en idiomas modernos dentro del marco de ense\u00f1anzas no obligatorias que establece el curr\u00edculo de las EEOOII.<\/p>\n<p style=\"text-align: justify;\">2. <strong>Crear en el centro un buen ambiente de trabajo, coordinaci\u00f3n, colaboraci\u00f3n e igualdad en las relaciones<\/strong> entre los distintos miembros de la comunidad educativa, contemplando las directrices de los departamentos as\u00ed como las sugerencias del alumnado e inform\u00e1ndoles de los Programas Europeos, de estudio, visitas, trabajo, etc, en el extranjero.<\/p>\n<p style=\"text-align: justify;\">3. <strong>Fomentar la tolerancia y el respeto al patrimonio<\/strong> entre los miembros de la comunidad educativa a trav\u00e9s del conocimiento de un idioma extranjero y de su cultura.<\/p>\n<p style=\"text-align: justify;\">4. Desarrollar una <strong>actitud abierta hacia otras lenguas y culturas<\/strong>, favoreciendo la desaparici\u00f3n de posibles t\u00f3picos y sentimientos xen\u00f3fobos.<\/p>\n<p style=\"text-align: justify;\">5. <strong>Promover actividades culturales<\/strong> con el fin de poner en pr\u00e1ctica los conocimientos adquiridos en el aula, y que el alumnado tome contacto con otras culturas, sus usos y costumbres.<\/p>\n\n\n<div style=\"height:60px\" aria-hidden=\"true\" class=\"wp-block-spacer\"><\/div>\n\n\n\n<div class=\"wp-block-columns is-layout-flex wp-container-core-columns-is-layout-1 wp-block-columns-is-layout-flex\">\n<div class=\"wp-block-column is-layout-flow wp-block-column-is-layout-flow\">\n<figure class=\"wp-block-image size-large\"><a href=\"https:\/\/www.eoiestepa.es\/?page_id=2\"><img loading=\"lazy\" decoding=\"async\" width=\"600\" height=\"720\" src=\"https:\/\/www.eoiestepa.es\/wp-content\/uploads\/2021\/04\/nuestra_eoi.jpg\" alt=\"\" class=\"wp-image-2897\" srcset=\"https:\/\/www.eoiestepa.es\/wp-content\/uploads\/2021\/04\/nuestra_eoi.jpg 600w, https:\/\/www.eoiestepa.es\/wp-content\/uploads\/2021\/04\/nuestra_eoi-250x300.jpg 250w\" sizes=\"auto, (max-width: 600px) 100vw, 600px\" \/><\/a><\/figure>\n\n\n\n<p class=\"has-text-align-center\" style=\"font-size:18px\">Te mostramos m\u00e1s sobre el Centro de referencia de la Sierra Sur de Sevilla<\/p>\n\n\n\n<div class=\"wp-block-buttons alignfull is-content-justification-center is-layout-flex wp-block-buttons-is-layout-flex\">\n<div class=\"wp-block-button is-style-primary\"><a class=\"wp-block-button__link\" href=\"https:\/\/www.eoiestepa.es\/?page_id=2\">NUESTRA EOI<\/a><\/div>\n<\/div>\n<\/div>\n\n\n\n<div class=\"wp-block-column is-layout-flow wp-block-column-is-layout-flow\">\n<figure class=\"wp-block-image size-large\"><a href=\"https:\/\/www.eoiestepa.es\/?page_id=63\"><img loading=\"lazy\" decoding=\"async\" width=\"600\" height=\"720\" src=\"https:\/\/www.eoiestepa.es\/wp-content\/uploads\/2021\/04\/secretaria.jpg\" alt=\"\" class=\"wp-image-2894\" srcset=\"https:\/\/www.eoiestepa.es\/wp-content\/uploads\/2021\/04\/secretaria.jpg 600w, https:\/\/www.eoiestepa.es\/wp-content\/uploads\/2021\/04\/secretaria-250x300.jpg 250w\" sizes=\"auto, (max-width: 600px) 100vw, 600px\" \/><\/a><\/figure>\n\n\n\n<p class=\"has-text-align-center\" style=\"font-size:18px\">Todo sobre los procedimientos administrativos de inter\u00e9s para nuestros usuarios.<\/p>\n\n\n\n<div class=\"wp-block-buttons alignfull is-content-justification-center is-layout-flex wp-block-buttons-is-layout-flex\">\n<div class=\"wp-block-button is-style-primary\"><a class=\"wp-block-button__link\" href=\"https:\/\/www.eoiestepa.es\/?page_id=63\">secretar\u00eda y cita previa<\/a><\/div>\n<\/div>\n<\/div>\n\n\n\n<div class=\"wp-block-column is-layout-flow wp-block-column-is-layout-flow\">\n<figure class=\"wp-block-image size-large\"><a href=\"https:\/\/www.eoiestepa.es\/?page_id=59\"><img loading=\"lazy\" decoding=\"async\" width=\"600\" height=\"720\" src=\"https:\/\/www.eoiestepa.es\/wp-content\/uploads\/2021\/04\/oferta_formativa.jpg\" alt=\"\" class=\"wp-image-2935\" srcset=\"https:\/\/www.eoiestepa.es\/wp-content\/uploads\/2021\/04\/oferta_formativa.jpg 600w, https:\/\/www.eoiestepa.es\/wp-content\/uploads\/2021\/04\/oferta_formativa-250x300.jpg 250w\" sizes=\"auto, (max-width: 600px) 100vw, 600px\" \/><\/a><\/figure>\n\n\n\n<p class=\"has-text-align-center\" style=\"font-size:18px\">Conoce c\u00f3mo se organizan las distintas ense\u00f1anzas que se ofertan desde la EOI de Estepa.<\/p>\n\n\n\n<div class=\"wp-block-buttons alignfull is-content-justification-center is-layout-flex wp-block-buttons-is-layout-flex\">\n<div class=\"wp-block-button is-style-primary\"><a class=\"wp-block-button__link\" href=\"https:\/\/www.eoiestepa.es\/?page_id=59\">OFERTA FORMATIVA<\/a><\/div>\n<\/div>\n<\/div>\n<\/div>\n","protected":false},"excerpt":{"rendered":"<p>El Departamento de Actividades Complementarias y Extraescolares (DACE), en colaboraci\u00f3n con los Departamentos Did\u00e1cticos del centro, tiene como objetivo ofrecer al alumnado de la Escuela todo tipo de actividades relacionadas con los idiomas Ingl\u00e9s y Franc\u00e9s que ayuden a obtener un enriquecimiento cultural y de formaci\u00f3n integral de estos. Los objetivos generales de este departamento&hellip;&nbsp;<a href=\"https:\/\/www.eoiestepa.es\/?page_id=299\" class=\"\" rel=\"bookmark\">Leer m\u00e1s &raquo;<span class=\"screen-reader-text\">Objetivos DACE<\/span><\/a><\/p>\n","protected":false},"author":2,"featured_media":0,"parent":0,"menu_order":0,"comment_status":"closed","ping_status":"open","template":"","meta":{"_acf_changed":false,"neve_meta_sidebar":"","neve_meta_container":"","neve_meta_enable_content_width":"","neve_meta_content_width":0,"neve_meta_title_alignment":"","neve_meta_author_avatar":"","neve_post_elements_order":"","neve_meta_disable_header":"","neve_meta_disable_footer":"","neve_meta_disable_title":"","footnotes":""},"class_list":["post-299","page","type-page","status-publish","hentry"],"acf":[],"post_mailing_queue_ids":[],"_links":{"self":[{"href":"https:\/\/www.eoiestepa.es\/index.php?rest_route=\/wp\/v2\/pages\/299","targetHints":{"allow":["GET"]}}],"collection":[{"href":"https:\/\/www.eoiestepa.es\/index.php?rest_route=\/wp\/v2\/pages"}],"about":[{"href":"https:\/\/www.eoiestepa.es\/index.php?rest_route=\/wp\/v2\/types\/page"}],"author":[{"embeddable":true,"href":"https:\/\/www.eoiestepa.es\/index.php?rest_route=\/wp\/v2\/users\/2"}],"replies":[{"embeddable":true,"href":"https:\/\/www.eoiestepa.es\/index.php?rest_route=%2Fwp%2Fv2%2Fcomments&post=299"}],"version-history":[{"count":2,"href":"https:\/\/www.eoiestepa.es\/index.php?rest_route=\/wp\/v2\/pages\/299\/revisions"}],"predecessor-version":[{"id":2790,"href":"https:\/\/www.eoiestepa.es\/index.php?rest_route=\/wp\/v2\/pages\/299\/revisions\/2790"}],"wp:attachment":[{"href":"https:\/\/www.eoiestepa.es\/index.php?rest_route=%2Fwp%2Fv2%2Fmedia&parent=299"}],"curies":[{"name":"wp","href":"https:\/\/api.w.org\/{rel}","templated":true}]}}