{"id":43,"date":"2013-12-03T17:43:13","date_gmt":"2013-12-03T16:43:13","guid":{"rendered":"http:\/\/www.eoiestepa.es\/?page_id=43"},"modified":"2021-04-09T20:25:26","modified_gmt":"2021-04-09T18:25:26","slug":"traslado-de-expediente","status":"publish","type":"page","link":"https:\/\/www.eoiestepa.es\/?page_id=43","title":{"rendered":"Traslado de Matr\u00edcula"},"content":{"rendered":"<p style=\"text-align: justify;\">Para solicitar el traslado de expediente de nuestra escuela a otro centro o el traslado de matr\u00edcula viva desde otra escuela a la nuestra, rellenar la solicitud y entregar en secretaria. Se pueden solicitar hasta el 30 de abril de cada curso acad\u00e9mico.<\/p>\n<p style=\"text-align: justify;\">Los traslados de matr\u00edcula viva <strong>se realizar\u00e1n en el primer trimestre del curso<\/strong>, quedando condicionados a escoger entre los horarios que queden disponibles en caso de que queden plazas libres. <strong>Si desea realizar un traslado de matr\u00edcula en el segundo trimestre, \u00e9ste deber\u00e1 ser autorizado por el Delegado Provincial si se trata de un traslado dentro de la misma provincia o por el Director General de Ordenaci\u00f3n y Planificaci\u00f3n Educativa cuando se produzca entre provincias distintas<\/strong>, siendo preceptivo en este caso el informe de los Servicios de Inspecci\u00f3n correspondientes. En ning\u00fan caso se autorizar\u00e1n traslados de matr\u00edcula viva en el tercer trimestre.<\/p>\n<p style=\"text-align: justify;\">No se podr\u00e1 realizar m\u00e1s de un traslado de expediente en el mismo curso acad\u00e9mico.<\/p>\n<p style=\"text-align: justify;\">Para llevar a cabo el traslado el interesado deber\u00e1 de cumplimentar la solicitud correspondiente que puede obtener en la Secretar\u00eda del Centro o descargar del siguiente enlace.<\/p>\n<p style=\"text-align: justify;\"><a href=\"https:\/\/docs.google.com\/file\/d\/0B68oJ8AUzIM1THpVUkp1bVNFUlE\/edit\"><span style=\"color: #3366ff;\">Solicitud de traslado de matr\u00edcula o expediente acad\u00e9mico.<\/span><\/a><\/p>\n\n\n<div style=\"height:60px\" aria-hidden=\"true\" class=\"wp-block-spacer\"><\/div>\n\n\n\n<div class=\"wp-block-columns is-layout-flex wp-container-core-columns-is-layout-1 wp-block-columns-is-layout-flex\">\n<div class=\"wp-block-column is-layout-flow wp-block-column-is-layout-flow\">\n<figure class=\"wp-block-image size-large\"><a href=\"https:\/\/www.eoiestepa.es\/?page_id=2230\"><img loading=\"lazy\" decoding=\"async\" width=\"600\" height=\"720\" src=\"https:\/\/www.eoiestepa.es\/wp-content\/uploads\/2021\/04\/erasmus.jpg\" alt=\"\" class=\"wp-image-2936\" srcset=\"https:\/\/www.eoiestepa.es\/wp-content\/uploads\/2021\/04\/erasmus.jpg 600w, https:\/\/www.eoiestepa.es\/wp-content\/uploads\/2021\/04\/erasmus-250x300.jpg 250w\" sizes=\"auto, (max-width: 600px) 100vw, 600px\" \/><\/a><\/figure>\n\n\n\n<p class=\"has-text-align-center\" style=\"font-size:18px\">Participamos en el proyecto de movilidad del personal docente. Accede al blog para saber m\u00e1s.<\/p>\n\n\n\n<div class=\"wp-block-buttons alignfull is-content-justification-center is-layout-flex wp-block-buttons-is-layout-flex\">\n<div class=\"wp-block-button is-style-primary\"><a class=\"wp-block-button__link\" href=\"https:\/\/www.eoiestepa.es\/?page_id=2230\">blog de erasmus+<\/a><\/div>\n<\/div>\n<\/div>\n\n\n\n<div class=\"wp-block-column is-layout-flow wp-block-column-is-layout-flow\">\n<figure class=\"wp-block-image size-large\"><a href=\"https:\/\/www.eoiestepa.es\/?page_id=1804\"><img loading=\"lazy\" decoding=\"async\" width=\"600\" height=\"720\" src=\"https:\/\/www.eoiestepa.es\/wp-content\/uploads\/2021\/04\/becas-1.jpg\" alt=\"\" class=\"wp-image-2896\" srcset=\"https:\/\/www.eoiestepa.es\/wp-content\/uploads\/2021\/04\/becas-1.jpg 600w, https:\/\/www.eoiestepa.es\/wp-content\/uploads\/2021\/04\/becas-1-250x300.jpg 250w\" sizes=\"auto, (max-width: 600px) 100vw, 600px\" \/><\/a><\/figure>\n\n\n\n<p class=\"has-text-align-center\" style=\"font-size:18px\">Ayudas y becas de las distintas administraciones nacionales y extranjeras para alumnado<\/p>\n\n\n\n<div class=\"wp-block-buttons alignfull is-content-justification-center is-layout-flex wp-block-buttons-is-layout-flex\">\n<div class=\"wp-block-button is-style-primary\"><a class=\"wp-block-button__link\" href=\"https:\/\/www.eoiestepa.es\/?page_id=1804\">BECAS Y AYUDAS<\/a><\/div>\n<\/div>\n<\/div>\n\n\n\n<div class=\"wp-block-column is-layout-flow wp-block-column-is-layout-flow\">\n<figure class=\"wp-block-image size-large\"><a href=\"https:\/\/www.eoiestepa.es\/?page_id=12\"><img loading=\"lazy\" decoding=\"async\" width=\"600\" height=\"720\" src=\"https:\/\/www.eoiestepa.es\/wp-content\/uploads\/2021\/03\/eoi_edificio.jpg\" alt=\"\" class=\"wp-image-2642\" srcset=\"https:\/\/www.eoiestepa.es\/wp-content\/uploads\/2021\/03\/eoi_edificio.jpg 600w, https:\/\/www.eoiestepa.es\/wp-content\/uploads\/2021\/03\/eoi_edificio-250x300.jpg 250w\" sizes=\"auto, (max-width: 600px) 100vw, 600px\" \/><\/a><\/figure>\n\n\n\n<p class=\"has-text-align-center\" style=\"font-size:18px\">No dudes en contactar con nosotros para plantearnos cualquier sugerencia o duda.<\/p>\n\n\n\n<div class=\"wp-block-buttons alignfull is-content-justification-center is-layout-flex wp-block-buttons-is-layout-flex\">\n<div class=\"wp-block-button is-style-primary\"><a class=\"wp-block-button__link\" href=\"https:\/\/www.eoiestepa.es\/?page_id=12\">contacto y ubicaci\u00f3n<\/a><\/div>\n<\/div>\n<\/div>\n<\/div>\n","protected":false},"excerpt":{"rendered":"<p>Para solicitar el traslado de expediente de nuestra escuela a otro centro o el traslado de matr\u00edcula viva desde otra escuela a la nuestra, rellenar la solicitud y entregar en secretaria. Se pueden solicitar hasta el 30 de abril de cada curso acad\u00e9mico. Los traslados de matr\u00edcula viva se realizar\u00e1n en el primer trimestre del&hellip;&nbsp;<a href=\"https:\/\/www.eoiestepa.es\/?page_id=43\" class=\"\" rel=\"bookmark\">Leer m\u00e1s &raquo;<span class=\"screen-reader-text\">Traslado de Matr\u00edcula<\/span><\/a><\/p>\n","protected":false},"author":1,"featured_media":0,"parent":0,"menu_order":0,"comment_status":"closed","ping_status":"open","template":"","meta":{"_acf_changed":false,"neve_meta_sidebar":"","neve_meta_container":"","neve_meta_enable_content_width":"","neve_meta_content_width":0,"neve_meta_title_alignment":"","neve_meta_author_avatar":"","neve_post_elements_order":"","neve_meta_disable_header":"","neve_meta_disable_footer":"","neve_meta_disable_title":"","footnotes":""},"class_list":["post-43","page","type-page","status-publish","hentry"],"acf":[],"post_mailing_queue_ids":[],"_links":{"self":[{"href":"https:\/\/www.eoiestepa.es\/index.php?rest_route=\/wp\/v2\/pages\/43","targetHints":{"allow":["GET"]}}],"collection":[{"href":"https:\/\/www.eoiestepa.es\/index.php?rest_route=\/wp\/v2\/pages"}],"about":[{"href":"https:\/\/www.eoiestepa.es\/index.php?rest_route=\/wp\/v2\/types\/page"}],"author":[{"embeddable":true,"href":"https:\/\/www.eoiestepa.es\/index.php?rest_route=\/wp\/v2\/users\/1"}],"replies":[{"embeddable":true,"href":"https:\/\/www.eoiestepa.es\/index.php?rest_route=%2Fwp%2Fv2%2Fcomments&post=43"}],"version-history":[{"count":6,"href":"https:\/\/www.eoiestepa.es\/index.php?rest_route=\/wp\/v2\/pages\/43\/revisions"}],"predecessor-version":[{"id":2910,"href":"https:\/\/www.eoiestepa.es\/index.php?rest_route=\/wp\/v2\/pages\/43\/revisions\/2910"}],"wp:attachment":[{"href":"https:\/\/www.eoiestepa.es\/index.php?rest_route=%2Fwp%2Fv2%2Fmedia&parent=43"}],"curies":[{"name":"wp","href":"https:\/\/api.w.org\/{rel}","templated":true}]}}

Traslado de Matrícula

<p style="text-align: justify;">Para solicitar el traslado de expediente de nuestra escuela a otro centro o el traslado de matrícula viva desde otra escuela a la nuestra, rellenar la solicitud y entregar en secretaria. Se pueden solicitar hasta el 30 de abril de cada curso académico.</p>
<p style="text-align: justify;">Los traslados de matrícula viva <strong>se realizarán en el primer trimestre del curso</strong>, quedando condicionados a escoger entre los horarios que queden disponibles en caso de que queden plazas libres. <strong>Si desea realizar un traslado de matrícula en el segundo trimestre, éste deberá ser autorizado por el Delegado Provincial si se trata de un traslado dentro de la misma provincia o por el Director General de Ordenación y Planificación Educativa cuando se produzca entre provincias distintas</strong>, siendo preceptivo en este caso el informe de los Servicios de Inspección correspondientes. En ningún caso se autorizarán traslados de matrícula viva en el tercer trimestre.</p>
<p style="text-align: justify;">No se podrá realizar más de un traslado de expediente en el mismo curso académico.</p>
<p style="text-align: justify;">Para llevar a cabo el traslado el interesado deberá de cumplimentar la solicitud correspondiente que puede obtener en la Secretaría del Centro o descargar del siguiente enlace.</p>
<p style="text-align: justify;"><a href="https://docs.google.com/file/d/0B68oJ8AUzIM1THpVUkp1bVNFUlE/edit"><span style="color: #3366ff;">Solicitud de traslado de matrícula o expediente académico.</span></a></p>


<div style="height:60px" aria-hidden="true" class="wp-block-spacer"></div>



<div class="wp-block-columns is-layout-flex wp-container-core-columns-is-layout-1 wp-block-columns-is-layout-flex">
<div class="wp-block-column is-layout-flow wp-block-column-is-layout-flow">
<figure class="wp-block-image size-large"><a href="https://www.eoiestepa.es/?page_id=2230"><img loading="lazy" decoding="async" width="600" height="720" src="https://www.eoiestepa.es/wp-content/uploads/2021/04/erasmus.jpg" alt="" class="wp-image-2936" srcset="https://www.eoiestepa.es/wp-content/uploads/2021/04/erasmus.jpg 600w, https://www.eoiestepa.es/wp-content/uploads/2021/04/erasmus-250x300.jpg 250w" sizes="auto, (max-width: 600px) 100vw, 600px" /></a></figure>



<p class="has-text-align-center" style="font-size:18px">Participamos en el proyecto de movilidad del personal docente. Accede al blog para saber más.</p>



<div class="wp-block-buttons alignfull is-content-justification-center is-layout-flex wp-block-buttons-is-layout-flex">
<div class="wp-block-button is-style-primary"><a class="wp-block-button__link" href="https://www.eoiestepa.es/?page_id=2230">blog de erasmus+</a></div>
</div>
</div>



<div class="wp-block-column is-layout-flow wp-block-column-is-layout-flow">
<figure class="wp-block-image size-large"><a href="https://www.eoiestepa.es/?page_id=1804"><img loading="lazy" decoding="async" width="600" height="720" src="https://www.eoiestepa.es/wp-content/uploads/2021/04/becas-1.jpg" alt="" class="wp-image-2896" srcset="https://www.eoiestepa.es/wp-content/uploads/2021/04/becas-1.jpg 600w, https://www.eoiestepa.es/wp-content/uploads/2021/04/becas-1-250x300.jpg 250w" sizes="auto, (max-width: 600px) 100vw, 600px" /></a></figure>



<p class="has-text-align-center" style="font-size:18px">Ayudas y becas de las distintas administraciones nacionales y extranjeras para alumnado</p>



<div class="wp-block-buttons alignfull is-content-justification-center is-layout-flex wp-block-buttons-is-layout-flex">
<div class="wp-block-button is-style-primary"><a class="wp-block-button__link" href="https://www.eoiestepa.es/?page_id=1804">BECAS Y AYUDAS</a></div>
</div>
</div>



<div class="wp-block-column is-layout-flow wp-block-column-is-layout-flow">
<figure class="wp-block-image size-large"><a href="https://www.eoiestepa.es/?page_id=12"><img loading="lazy" decoding="async" width="600" height="720" src="https://www.eoiestepa.es/wp-content/uploads/2021/03/eoi_edificio.jpg" alt="" class="wp-image-2642" srcset="https://www.eoiestepa.es/wp-content/uploads/2021/03/eoi_edificio.jpg 600w, https://www.eoiestepa.es/wp-content/uploads/2021/03/eoi_edificio-250x300.jpg 250w" sizes="auto, (max-width: 600px) 100vw, 600px" /></a></figure>



<p class="has-text-align-center" style="font-size:18px">No dudes en contactar con nosotros para plantearnos cualquier sugerencia o duda.</p>



<div class="wp-block-buttons alignfull is-content-justification-center is-layout-flex wp-block-buttons-is-layout-flex">
<div class="wp-block-button is-style-primary"><a class="wp-block-button__link" href="https://www.eoiestepa.es/?page_id=12">contacto y ubicación</a></div>
</div>
</div>
</div>

<p>Para solicitar el traslado de expediente de nuestra escuela a otro centro o el traslado de matrícula viva desde otra escuela a la nuestra, rellenar la solicitud y entregar en secretaria. Se pueden solicitar hasta el 30 de abril de cada curso académico. Los traslados de matrícula viva se realizarán en el primer trimestre del&hellip;&nbsp;<a href="https://www.eoiestepa.es/?page_id=43" class="" rel="bookmark">Leer más &raquo;<span class="screen-reader-text">Traslado de Matrícula</span></a></p>
