{"id":4349,"date":"2025-09-22T19:26:17","date_gmt":"2025-09-22T17:26:17","guid":{"rendered":"https:\/\/www.eoiestepa.es\/?page_id=4349"},"modified":"2025-09-23T19:44:01","modified_gmt":"2025-09-23T17:44:01","slug":"ka122-adu","status":"publish","type":"page","link":"https:\/\/www.eoiestepa.es\/?page_id=4349","title":{"rendered":"KA122-ADU"},"content":{"rendered":"\n<p><\/p>\n\n\n\n<figure class=\"wp-block-image size-large\"><a href=\"https:\/\/www.eoiestepa.es\/wp-content\/uploads\/2025\/09\/Teal-Gold-Riso-Animation-Soccer-Australia-Video-1.jpg\"><img loading=\"lazy\" decoding=\"async\" width=\"1024\" height=\"576\" src=\"https:\/\/www.eoiestepa.es\/wp-content\/uploads\/2025\/09\/Teal-Gold-Riso-Animation-Soccer-Australia-Video-1-1024x576.jpg\" alt=\"\" class=\"wp-image-4356\" srcset=\"https:\/\/www.eoiestepa.es\/wp-content\/uploads\/2025\/09\/Teal-Gold-Riso-Animation-Soccer-Australia-Video-1-1024x576.jpg 1024w, https:\/\/www.eoiestepa.es\/wp-content\/uploads\/2025\/09\/Teal-Gold-Riso-Animation-Soccer-Australia-Video-1-300x169.jpg 300w, https:\/\/www.eoiestepa.es\/wp-content\/uploads\/2025\/09\/Teal-Gold-Riso-Animation-Soccer-Australia-Video-1-768x432.jpg 768w, https:\/\/www.eoiestepa.es\/wp-content\/uploads\/2025\/09\/Teal-Gold-Riso-Animation-Soccer-Australia-Video-1-1536x864.jpg 1536w, https:\/\/www.eoiestepa.es\/wp-content\/uploads\/2025\/09\/Teal-Gold-Riso-Animation-Soccer-Australia-Video-1.jpg 1920w\" sizes=\"auto, (max-width: 1024px) 100vw, 1024px\" \/><\/a><\/figure>\n\n\n\n<p>En la EOI Estepa apostamos por la innovaci\u00f3n educativa y la internacionalizaci\u00f3n a trav\u00e9s del programa Erasmus+, en el que participamos en a\u00f1os anteriores. En este caso el proyecto surge de la necesidad de dar respuesta a los retos que dej\u00f3 la pandemia: el descenso de alumnado, la desmotivaci\u00f3n y el abandono de estudios.<\/p>\n\n\n\n<p>Con la participaci\u00f3n en este proyecto de corta duraci\u00f3n buscamos reforzar el bienestar emocional, mejorar las competencias digitales y personales de nuestro alumnado adulto y profesorado, y ofrecer experiencias internacionales que enriquezcan a toda la comunidad educativa.<\/p>\n\n\n\n<p>Gracias a Erasmus+, queremos dar m\u00e1s visibilidad a nuestra escuela, aumentar la motivaci\u00f3n y el compromiso de nuestra comunidad educativa y garantizar una ense\u00f1anza de idiomas p\u00fablica, inclusiva y de calidad. En esta ocasi\u00f3n realizaremos actividades de movilidad con nuestro alumnado a centros de adultos de Italia y Grecia.<\/p>\n\n\n<div class=\"wp-block-image\">\n<figure class=\"aligncenter\"><a href=\"http:\/\/sepie.es\" target=\"_blank\" rel=\"noreferrer noopener\"><img loading=\"lazy\" decoding=\"async\" width=\"235\" height=\"121\" src=\"https:\/\/www.eoiestepa.es\/wp-content\/uploads\/2021\/04\/sepie.png\" alt=\"\" class=\"wp-image-2844\"\/><\/a><\/figure><\/div>\n\n\n<p>El proyecto\u00a0<strong>\u00abImpulsando la motivaci\u00f3n y el bienestar en la ense\u00f1anza de idiomas de adultos\u00bb<\/strong>\u00a0est\u00e1 cofinanciado por el programa Erasmus+ de la Uni\u00f3n Europea. El contenido de este blog es responsabilidad exclusiva de la EOI Estepa y ni la Comisi\u00f3n Europea, ni el Servicio Espa\u00f1ol para la Internacionalizaci\u00f3n de la Educaci\u00f3n (SEPIE) son responsables del uso que pueda hacerse de la informaci\u00f3n aqu\u00ed difundida.<\/p>\n\n\n\n<p><\/p>\n","protected":false},"excerpt":{"rendered":"<p>En la EOI Estepa apostamos por la innovaci\u00f3n educativa y la internacionalizaci\u00f3n a trav\u00e9s del programa Erasmus+, en el que participamos en a\u00f1os anteriores. En este caso el proyecto surge de la necesidad de dar respuesta a los retos que dej\u00f3 la pandemia: el descenso de alumnado, la desmotivaci\u00f3n y el abandono de estudios. Con&hellip;&nbsp;<a href=\"https:\/\/www.eoiestepa.es\/?page_id=4349\" class=\"\" rel=\"bookmark\">Leer m\u00e1s &raquo;<span class=\"screen-reader-text\">KA122-ADU<\/span><\/a><\/p>\n","protected":false},"author":4,"featured_media":0,"parent":0,"menu_order":0,"comment_status":"closed","ping_status":"closed","template":"","meta":{"_acf_changed":false,"neve_meta_sidebar":"","neve_meta_container":"","neve_meta_enable_content_width":"","neve_meta_content_width":0,"neve_meta_title_alignment":"","neve_meta_author_avatar":"","neve_post_elements_order":"","neve_meta_disable_header":"","neve_meta_disable_footer":"","neve_meta_disable_title":"","footnotes":""},"class_list":["post-4349","page","type-page","status-publish","hentry"],"acf":[],"post_mailing_queue_ids":[],"_links":{"self":[{"href":"https:\/\/www.eoiestepa.es\/index.php?rest_route=\/wp\/v2\/pages\/4349","targetHints":{"allow":["GET"]}}],"collection":[{"href":"https:\/\/www.eoiestepa.es\/index.php?rest_route=\/wp\/v2\/pages"}],"about":[{"href":"https:\/\/www.eoiestepa.es\/index.php?rest_route=\/wp\/v2\/types\/page"}],"author":[{"embeddable":true,"href":"https:\/\/www.eoiestepa.es\/index.php?rest_route=\/wp\/v2\/users\/4"}],"replies":[{"embeddable":true,"href":"https:\/\/www.eoiestepa.es\/index.php?rest_route=%2Fwp%2Fv2%2Fcomments&post=4349"}],"version-history":[{"count":7,"href":"https:\/\/www.eoiestepa.es\/index.php?rest_route=\/wp\/v2\/pages\/4349\/revisions"}],"predecessor-version":[{"id":4368,"href":"https:\/\/www.eoiestepa.es\/index.php?rest_route=\/wp\/v2\/pages\/4349\/revisions\/4368"}],"wp:attachment":[{"href":"https:\/\/www.eoiestepa.es\/index.php?rest_route=%2Fwp%2Fv2%2Fmedia&parent=4349"}],"curies":[{"name":"wp","href":"https:\/\/api.w.org\/{rel}","templated":true}]}}